divided by 36?
32
Calculate the remainder when 898 is divided by 61.
44
What is the remainder when 142 is divided by 54?
34
Calculate the remainder when 341 is divided by 25.
16
Calculate the remainder when 193 is divided by 33.
28
Calculate the remainder when 687 is divided by 227.
6
What is the remainder when 141 is divided by 54?
33
What is the remainder when 109 is divided by 8?
5
What is the remainder when 6154 is divided by 69?
13
What is the remainder when 668 is divided by 72?
20
Calculate the remainder when 257 is divided by 24.
17
What is the remainder when 316 is divided by 162?
154
Calculate the remainder when 425 is divided by 85.
0
What is the remainder when 2332 is divided by 73?
69
Calculate the remainder when 5121 is divided by 233.
228
What is the remainder when 1671 is divided by 39?
33
Calculate the remainder when 433 is divided by 218.
215
What is the remainder when 461 is divided by 93?
89
What is the remainder when 1867 is divided by 7?
5
Calculate the remainder when 977 is divided by 81.
5
Calculate the remainder when 31 is divided by 13.
5
What is the remainder when 1547 is divided by 18?
17
What is the remainder when 4127 is divided by 5?
2
Calculate the remainder when 95 is divided by 13.
4
Calculate the remainder when 2714 is divided by 6.
2
Calculate the remainder when 390 is divided by 126.
12
What is the remainder when 1034 is divided by 322?
68
Calculate the remainder when 54 is divided by 15.
9
Calculate the remainder when 227 is divided by 44.
7
Calculate the remainder when 497 is divided by 57.
41
What is the remainder when 1319 is divided by 15?
14
What is the remainder when 151 is divided by 47?
10
Calculate the remainder when 137 is divided by 51.
35
What is the remainder when 84 is divided by 29?
26
What is the remainder when 408 is divided by 42?
30
What is the remainder when 270 is divided by 39?
36
What is the remainder when 114 is divided by 15?
9
Calculate the remainder when 5693 is divided by 64.
61
Calculate the remainder when 1551 is divided by 116.
43
What is the remainder when 765 is divided by 268?
229
Calculate the remainder when 4209 is divided by 36.
33
What is the remainder when 6812 is divided by 200?
12
What is the remainder when 81 is divided by 44?
37
Calculate the remainder when 340 is divided by 90.
70
Calculate the remainder when 3088 is divided by 163.
154
Calculate the remainder when 344 is divided by 161.
22
What is the remainder when 107 is divided by 27?
26
Calculate the remainder when 220 is divided by 60.
40
What is the remainder when 5031 is divided by 503?
1
Calculate the remainder when 790 is divided by 200.
190
What is the remainder when 134 is divided by 15?
14
Calculate the remainder when 120 is divided by 44.
32
Calculate the remainder when 469 is divided by 47.
46
What is the remainder when 2293 is divided by 82?
79
Calculate the remainder when 318 is divided by 10.
8
Calculate the remainder when 644 is divided by 26.
20
Calculate the remainder when 3257 is divided by 1085.
2
What is the remainder when 313 is divided by 79?
76
Calculate the remainder when 2334 is divided by 16.
14
Calculate the remainder when 150 is divided by 116.
34
Calculate the remainder when 723 is divided by 57.
39
What is the remainder when 112 is divided by 57?
55
What is the remainder when 324 is divided by 159?
6
Calculate the remainder when 1724 is divided by 96.
92
Calculate the remainder when 2141 is divided by 428.
1
What is the remainder when 6993 is divided by 13?
12
Calculate the remainder when 142 is divided by 59.
24
Calculate the remainder when 1767 is divided by 298.
277
Calculate the remainder when 813 is divided by 137.
128
What is the remainder when 95 is divided by 14?
11
Calculate the remainder when 665 is divided by 166.
1
What is the remainder when 1379 is divided by 174?
161
What is the remainder when 3658 is divided by 60?
58
What is the remainder when 503 is divided by 64?
55
What is the remainder when 259 is divided by 10?
9
What is the remainder when 4677 is divided by 30?
27
What is the remainder when 277 is divided by 8?
5
Calculate the remainder when 612 is divided by 80.
52
What is the remainder when 3355 is divided by 46?
43
What is the remainder when 1436 is divided by 71?
16
What is the remainder when 135 is divided by 18?
9
Calculate the remainder when 80 is divided by 11.
3
What is the remainder when 231 is divided by 18?
15
What is the remainder when 413 is divided by 6?
5
Calculate the remainder when 85 is divided by 13.
7
What is the remainder when 936 is divided by 162?
126
Calculate the remainder when 1444 is divided by 478.
10
Calculate the remainder when 26160 is divided by 153.
150
What is the remainder when 3038 is divided by 17?
12
Calculate the remainder when 18736 is divided by 54.
52
Calculate the remainder when 103 is divided by 15.
13
Calculate the remainder when 40 is divided by 11.
7
What is the remainder when 415 is divided by 61?
49
What is the remainder when 21838 is divided by 14?
12
What is the remainder when 245 is divided by 106?
33
Calculate the remainder when 211 is divided by 124.
87
Calculate the remainder when 398 is divided by 101.
95
Calculate the remainder when 279 is divided by 35.
34
What is the remainder when 193 is divided by 49?
46
What is the remainder when 2580 is divided by 66?
6
What is the remainder when 1931 is divided by 14?
13
Calculate the remainder when 98 is divided by 31.
5
What is the remainder when 523 is divided by 17?
13
What is the remainder when 1340 is divided by 13?
1
Calculate the remainder when 533 is divided by 8.
5
Calculate the remainder when 106 is divided by 10.
6
What is the remainder when 459 is divided by 1?
0
Calculate the remainder when 362 is divided by 97.
71
Calculate the remainder when 3009 is divided by 29.
22
What is the remainder when 354 is divided by 209?
145
Calculate the remainder when 2651 is divided by 13.
12
Calculate the remainder when 191 is divided by 14.
9
Calculate the remainder when 292 is divided by 41.
5
What is the remainder when 165 is divided by 19?
13
What is the remainder when 248 is divided by 66?
50
What is the remainder when 77 is divided by 36?
5
Calculate the remainder when 4583 is divided by 8.
7
Calculate the remainder when 548 is divided by 237.
74
What is the remainder when 1623 is divided by 62?
11
What is the remainder when 548 is divided by 92?
88
Calculate the remainder when 877 is divided by 4.
1
What is the remainder when 29 is divided by 16?
13
Calculate the remainder when 5099 is divided by 75.
74
What is the remainder when 167 is divided by 30?
17
What is the remainder when 4051 is divided by 169?
164
What is the remainder when 2779 is divided by 920?
19
Calculate the remainder when 444 is divided by 55.
4
What is the remainder when 145 is divided by 19?
12
Calculate the remainder when 180 is divided by 82.
16
Calculate the remainder when 2242 is divided by 13.
6
Calculate the remainder when 621 is divided by 104.
101
What is the remainder when 79 is divided by 14?
9
Calculate the remainder when 31 is divided by 17.
14
What is the remainder when 317 is divided by 33?
20
What is the remainder when 787 is divided by 61?
55
Calculate the remainder when 92 is divided by 12.
8
What is the remainder when 195 is divided by 57?
24
What is the remainder when 65 is divided by 33?
32
Calculate the remainder when 279 is divided by 94.
91
What is the remainder when 804 is divided by 120?
84
What is the remainder when 788 is divided by 99?
95
What is the remainder when 268 is divided by 33?
4
Calculate the remainder when 171 is divided by 8.
3
Calculate the remainder when 556 is divided by 35.
31
What is the remainder when 105 is divided by 24?
9
What is the remainder when 9122 is divided by 18?
14
What is the remainder when 1082 is divided by 329?
95
Calculate the remainder when 346 is divided by 74.
50
Calculate the remainder when 13 is divided by 1.
0
What is the remainder when 52 is divided by 12?
4
What is the remainder when 1965 is divided by 16?
13
Calculate the remainder when 256 is divided by 86.
84
Calculate the remainder when 158 is divided by 18.
14
What is the remainder when 374 is divided by 69?
29
Calculate the remainder when 309 is divided by